{"id":741,"date":"2014-08-13T16:23:05","date_gmt":"2014-08-13T14:23:05","guid":{"rendered":"http:\/\/www.mairie-outarville.fr\/?page_id=741"},"modified":"2015-01-01T22:30:20","modified_gmt":"2015-01-01T21:30:20","slug":"gare-sncf","status":"publish","type":"page","link":"http:\/\/www.mairie-outarville.fr\/?page_id=741","title":{"rendered":"Gare SNCF"},"content":{"rendered":"<h2><\/h2>\n\n\t\t<style type=\"text\/css\">\n\t\t\t#gallery-1 {\n\t\t\t\tmargin: auto;\n\t\t\t}\n\t\t\t#gallery-1 .gallery-item {\n\t\t\t\tfloat: left;\n\t\t\t\tmargin-top: 10px;\n\t\t\t\ttext-align: center;\n\t\t\t\twidth: 50%;\n\t\t\t}\n\t\t\t#gallery-1 img {\n\t\t\t\tborder: 2px solid #cfcfcf;\n\t\t\t}\n\t\t\t#gallery-1 .gallery-caption {\n\t\t\t\tmargin-left: 0;\n\t\t\t}\n\t\t\t\/* see gallery_shortcode() in wp-includes\/media.php *\/\n\t\t<\/style>\n\t\t<div id='gallery-1' class='gallery galleryid-741 gallery-columns-2 gallery-size-thumbnail'><dl class='gallery-item'>\n\t\t\t<dt class='gallery-icon landscape'>\n\t\t\t\t<a href='http:\/\/www.mairie-outarville.fr\/wp-content\/uploads\/2014\/08\/sncf.png'><img width=\"150\" height=\"150\" src=\"http:\/\/www.mairie-outarville.fr\/wp-content\/uploads\/2014\/08\/sncf-150x150.png\" class=\"attachment-thumbnail size-thumbnail\" alt=\"\" decoding=\"async\" loading=\"lazy\" \/><\/a>\n\t\t\t<\/dt><\/dl><dl class='gallery-item'>\n\t\t\t<dt class='gallery-icon landscape'>\n\t\t\t\t<a href='http:\/\/www.mairie-outarville.fr\/wp-content\/uploads\/2014\/08\/Gare_de_Toury.jpg'><img width=\"150\" height=\"150\" src=\"http:\/\/www.mairie-outarville.fr\/wp-content\/uploads\/2014\/08\/Gare_de_Toury-150x150.jpg\" class=\"attachment-thumbnail size-thumbnail\" alt=\"\" decoding=\"async\" aria-describedby=\"gallery-1-797\" loading=\"lazy\" \/><\/a>\n\t\t\t<\/dt>\n\t\t\t\t<dd class='wp-caption-text gallery-caption' id='gallery-1-797'>\n\t\t\t\tGare de Toury\n\t\t\t\t<\/dd><\/dl><br style=\"clear: both\" \/>\n\t\t<\/div>\n\n<h2><span style=\"color: #0000ff;\">Gare de Toury<\/span><\/h2>\n<p>La gare de Toury est situ\u00e9e \u00e0 7km (Moins de 10 min) du centre ville d&rsquo;Outarville.<\/p>\n<p>Des liaisons quotidiennes sont assur\u00e9es en direction d&rsquo;Orl\u00e9ans et de Paris.<\/p>\n<p><a title=\"site ter Centre\" href=\"https:\/\/www.ter.sncf.com\/centre\" target=\"_blank\">https:\/\/www.ter.sncf.com\/centre<\/a><\/p>\n<p>[wpdm_file id=69]<\/p>\n<p>&nbsp;<\/p>\n","protected":false},"excerpt":{"rendered":"<p>Gare de Toury La gare de Toury est situ\u00e9e \u00e0 7km (Moins de 10 min) du centre ville d&rsquo;Outarville. Des liaisons quotidiennes sont assur\u00e9es en direction d&rsquo;Orl\u00e9ans et de Paris. https:\/\/www.ter.sncf.com\/centre [wpdm_file id=69] &nbsp;<\/p>\n","protected":false},"author":3,"featured_media":0,"parent":0,"menu_order":0,"comment_status":"closed","ping_status":"closed","template":"","meta":{"footnotes":""},"_links":{"self":[{"href":"http:\/\/www.mairie-outarville.fr\/index.php?rest_route=\/wp\/v2\/pages\/741"}],"collection":[{"href":"http:\/\/www.mairie-outarville.fr\/index.php?rest_route=\/wp\/v2\/pages"}],"about":[{"href":"http:\/\/www.mairie-outarville.fr\/index.php?rest_route=\/wp\/v2\/types\/page"}],"author":[{"embeddable":true,"href":"http:\/\/www.mairie-outarville.fr\/index.php?rest_route=\/wp\/v2\/users\/3"}],"replies":[{"embeddable":true,"href":"http:\/\/www.mairie-outarville.fr\/index.php?rest_route=%2Fwp%2Fv2%2Fcomments&post=741"}],"version-history":[{"count":6,"href":"http:\/\/www.mairie-outarville.fr\/index.php?rest_route=\/wp\/v2\/pages\/741\/revisions"}],"predecessor-version":[{"id":983,"href":"http:\/\/www.mairie-outarville.fr\/index.php?rest_route=\/wp\/v2\/pages\/741\/revisions\/983"}],"wp:attachment":[{"href":"http:\/\/www.mairie-outarville.fr\/index.php?rest_route=%2Fwp%2Fv2%2Fmedia&parent=741"}],"curies":[{"name":"wp","href":"https:\/\/api.w.org\/{rel}","templated":true}]}}