{"id":731,"date":"2014-08-13T16:17:14","date_gmt":"2014-08-13T14:17:14","guid":{"rendered":"http:\/\/www.mairie-outarville.fr\/?page_id=731"},"modified":"2019-08-01T16:23:18","modified_gmt":"2019-08-01T14:23:18","slug":"lycee-duhamel-du-monceau-pithiviers","status":"publish","type":"page","link":"http:\/\/www.mairie-outarville.fr\/?page_id=731","title":{"rendered":"Lyc\u00e9es &#8211; Pithiviers"},"content":{"rendered":"<h2><span style=\"color: #0000ff;\">Pithiviers<\/span><\/h2>\n<h3><span style=\"text-decoration: underline;\"><em><span style=\"color: #0000ff; text-decoration: underline;\">Lyc\u00e9e Duhamel du Monceau<\/span><\/em><\/span><\/h3>\n<p><span style=\"color: #000000;\"><a title=\"Lyc\u00e9e Duhamel du Monceau\" href=\"http:\/\/lyc-duhamel-du-monceau-pithiviers.tice.ac-orleans-tours.fr\/eva\/?lang=fr\" target=\"_blank\"><span style=\"color: #000000;\">http:\/\/lyc-duhamel-du-monceau-pithiviers.tice.ac-orleans-tours.fr\/eva\/?lang=fr<\/span><\/a><\/span><\/p>\n<p><a href=\"https:\/\/lycee-duhameldumonceau.fr\/\">https:\/\/lycee-duhameldumonceau.fr\/<\/a><\/p>\n<h3><span style=\"text-decoration: underline;\"><em><span style=\"color: #0000ff; text-decoration: underline;\">Lyc\u00e9e professionnel Jean de la Taille\u00a0<\/span><\/em><\/span><\/h3>\n<p><span style=\"color: #000000;\"><a title=\"Lyc\u00e9e Jean de la Taille\" href=\"http:\/\/lp-jean-de-la-taille-pithiviers.tice.ac-orleans-tours.fr\/php5\/\" target=\"_blank\"><span style=\"color: #000000;\">http:\/\/lp-jean-de-la-taille-pithiviers.tice.ac-orleans-tours.fr\/php5\/<\/span><\/a><\/span><\/p>\n<p><a href=\"http:\/\/lycee-jeandelataille.fr\/\">http:\/\/lycee-jeandelataille.fr\/<\/a><\/p>\n<h3><span style=\"text-decoration: underline;\"><span style=\"color: #0000ff;\"><em>Lyc\u00e9e blanche de castille(lyc\u00e9e priv\u00e9)<\/em><\/span><\/span><\/h3>\n<p><a href=\"http:\/\/www.stgregoire-blanchedecastille.fr\/PBCPPlayer.asp?ID=1910896\">http:\/\/www.stgregoire-blanchedecastille.fr\/PBCPPlayer.asp?ID=1910896<\/a><\/p>\n","protected":false},"excerpt":{"rendered":"<p>Pithiviers Lyc\u00e9e Duhamel du Monceau http:\/\/lyc-duhamel-du-monceau-pithiviers.tice.ac-orleans-tours.fr\/eva\/?lang=fr https:\/\/lycee-duhameldumonceau.fr\/ Lyc\u00e9e professionnel Jean de la Taille\u00a0 http:\/\/lp-jean-de-la-taille-pithiviers.tice.ac-orleans-tours.fr\/php5\/ http:\/\/lycee-jeandelataille.fr\/ Lyc\u00e9e blanche de castille(lyc\u00e9e priv\u00e9) http:\/\/www.stgregoire-blanchedecastille.fr\/PBCPPlayer.asp?ID=1910896<\/p>\n","protected":false},"author":3,"featured_media":0,"parent":0,"menu_order":0,"comment_status":"closed","ping_status":"closed","template":"","meta":{"footnotes":""},"_links":{"self":[{"href":"http:\/\/www.mairie-outarville.fr\/index.php?rest_route=\/wp\/v2\/pages\/731"}],"collection":[{"href":"http:\/\/www.mairie-outarville.fr\/index.php?rest_route=\/wp\/v2\/pages"}],"about":[{"href":"http:\/\/www.mairie-outarville.fr\/index.php?rest_route=\/wp\/v2\/types\/page"}],"author":[{"embeddable":true,"href":"http:\/\/www.mairie-outarville.fr\/index.php?rest_route=\/wp\/v2\/users\/3"}],"replies":[{"embeddable":true,"href":"http:\/\/www.mairie-outarville.fr\/index.php?rest_route=%2Fwp%2Fv2%2Fcomments&post=731"}],"version-history":[{"count":23,"href":"http:\/\/www.mairie-outarville.fr\/index.php?rest_route=\/wp\/v2\/pages\/731\/revisions"}],"predecessor-version":[{"id":2871,"href":"http:\/\/www.mairie-outarville.fr\/index.php?rest_route=\/wp\/v2\/pages\/731\/revisions\/2871"}],"wp:attachment":[{"href":"http:\/\/www.mairie-outarville.fr\/index.php?rest_route=%2Fwp%2Fv2%2Fmedia&parent=731"}],"curies":[{"name":"wp","href":"https:\/\/api.w.org\/{rel}","templated":true}]}}