{"id":4362,"date":"2020-06-25T11:13:19","date_gmt":"2020-06-25T09:13:19","guid":{"rendered":"http:\/\/www.mairie-outarville.fr\/?page_id=4362"},"modified":"2020-08-21T11:27:41","modified_gmt":"2020-08-21T09:27:41","slug":"quelques-coups-de-coeur-adultes","status":"publish","type":"page","link":"http:\/\/www.mairie-outarville.fr\/?page_id=4362","title":{"rendered":"QUELQUES COUPS DE C\u0152UR ADULTES !"},"content":{"rendered":"<p><a href=\"http:\/\/www.mairie-outarville.fr\/wp-content\/uploads\/2020\/06\/s\u00e9l\u00e9ction-Adultes_00012.jpg\"><img decoding=\"async\" loading=\"lazy\" class=\"alignleft size-large wp-image-4589\" src=\"http:\/\/www.mairie-outarville.fr\/wp-content\/uploads\/2020\/06\/s\u00e9l\u00e9ction-Adultes_00012-1024x575.jpg\" alt=\"s\u00e9l\u00e9ction Adultes_0001\" width=\"1024\" height=\"575\" srcset=\"http:\/\/www.mairie-outarville.fr\/wp-content\/uploads\/2020\/06\/s\u00e9l\u00e9ction-Adultes_00012-1024x575.jpg 1024w, http:\/\/www.mairie-outarville.fr\/wp-content\/uploads\/2020\/06\/s\u00e9l\u00e9ction-Adultes_00012-300x168.jpg 300w\" sizes=\"(max-width: 1024px) 100vw, 1024px\" \/><\/a> <a href=\"http:\/\/www.mairie-outarville.fr\/wp-content\/uploads\/2020\/06\/s\u00e9l\u00e9ction-Adultes_00022.jpg\"><img decoding=\"async\" loading=\"lazy\" class=\"alignleft size-large wp-image-4590\" src=\"http:\/\/www.mairie-outarville.fr\/wp-content\/uploads\/2020\/06\/s\u00e9l\u00e9ction-Adultes_00022-1024x575.jpg\" alt=\"s\u00e9l\u00e9ction Adultes_0002\" width=\"1024\" height=\"575\" srcset=\"http:\/\/www.mairie-outarville.fr\/wp-content\/uploads\/2020\/06\/s\u00e9l\u00e9ction-Adultes_00022-1024x575.jpg 1024w, http:\/\/www.mairie-outarville.fr\/wp-content\/uploads\/2020\/06\/s\u00e9l\u00e9ction-Adultes_00022-300x168.jpg 300w\" sizes=\"(max-width: 1024px) 100vw, 1024px\" \/><\/a> <a href=\"http:\/\/www.mairie-outarville.fr\/wp-content\/uploads\/2020\/06\/s\u00e9l\u00e9ction-Adultes_00032.jpg\"><img decoding=\"async\" loading=\"lazy\" class=\"alignleft size-large wp-image-4591\" src=\"http:\/\/www.mairie-outarville.fr\/wp-content\/uploads\/2020\/06\/s\u00e9l\u00e9ction-Adultes_00032-1024x575.jpg\" alt=\"s\u00e9l\u00e9ction Adultes_0003\" width=\"1024\" height=\"575\" srcset=\"http:\/\/www.mairie-outarville.fr\/wp-content\/uploads\/2020\/06\/s\u00e9l\u00e9ction-Adultes_00032-1024x575.jpg 1024w, http:\/\/www.mairie-outarville.fr\/wp-content\/uploads\/2020\/06\/s\u00e9l\u00e9ction-Adultes_00032-300x168.jpg 300w\" sizes=\"(max-width: 1024px) 100vw, 1024px\" \/><\/a> <a href=\"http:\/\/www.mairie-outarville.fr\/wp-content\/uploads\/2020\/06\/s\u00e9l\u00e9ction-Adultes_00042.jpg\"><img decoding=\"async\" loading=\"lazy\" class=\"alignleft size-large wp-image-4592\" src=\"http:\/\/www.mairie-outarville.fr\/wp-content\/uploads\/2020\/06\/s\u00e9l\u00e9ction-Adultes_00042-1024x575.jpg\" alt=\"s\u00e9l\u00e9ction Adultes_0004\" width=\"1024\" height=\"575\" srcset=\"http:\/\/www.mairie-outarville.fr\/wp-content\/uploads\/2020\/06\/s\u00e9l\u00e9ction-Adultes_00042-1024x575.jpg 1024w, http:\/\/www.mairie-outarville.fr\/wp-content\/uploads\/2020\/06\/s\u00e9l\u00e9ction-Adultes_00042-300x168.jpg 300w\" sizes=\"(max-width: 1024px) 100vw, 1024px\" \/><\/a> <a href=\"http:\/\/www.mairie-outarville.fr\/wp-content\/uploads\/2020\/06\/s\u00e9l\u00e9ction-Adultes_00052.jpg\"><img decoding=\"async\" loading=\"lazy\" class=\"alignleft size-large wp-image-4593\" src=\"http:\/\/www.mairie-outarville.fr\/wp-content\/uploads\/2020\/06\/s\u00e9l\u00e9ction-Adultes_00052-1024x575.jpg\" alt=\"s\u00e9l\u00e9ction Adultes_0005\" width=\"1024\" height=\"575\" srcset=\"http:\/\/www.mairie-outarville.fr\/wp-content\/uploads\/2020\/06\/s\u00e9l\u00e9ction-Adultes_00052-1024x575.jpg 1024w, http:\/\/www.mairie-outarville.fr\/wp-content\/uploads\/2020\/06\/s\u00e9l\u00e9ction-Adultes_00052-300x168.jpg 300w\" sizes=\"(max-width: 1024px) 100vw, 1024px\" \/><\/a> <a href=\"http:\/\/www.mairie-outarville.fr\/wp-content\/uploads\/2020\/06\/s\u00e9l\u00e9ction-Adultes_00061.jpg\"><img decoding=\"async\" loading=\"lazy\" class=\"alignleft size-large wp-image-4594\" src=\"http:\/\/www.mairie-outarville.fr\/wp-content\/uploads\/2020\/06\/s\u00e9l\u00e9ction-Adultes_00061-1024x575.jpg\" alt=\"s\u00e9l\u00e9ction Adultes_0006\" width=\"1024\" height=\"575\" srcset=\"http:\/\/www.mairie-outarville.fr\/wp-content\/uploads\/2020\/06\/s\u00e9l\u00e9ction-Adultes_00061-1024x575.jpg 1024w, http:\/\/www.mairie-outarville.fr\/wp-content\/uploads\/2020\/06\/s\u00e9l\u00e9ction-Adultes_00061-300x168.jpg 300w\" sizes=\"(max-width: 1024px) 100vw, 1024px\" \/><\/a> <a href=\"http:\/\/www.mairie-outarville.fr\/wp-content\/uploads\/2020\/06\/s\u00e9l\u00e9ction-Adultes_00072.jpg\"><img decoding=\"async\" loading=\"lazy\" class=\"alignleft size-large wp-image-4595\" src=\"http:\/\/www.mairie-outarville.fr\/wp-content\/uploads\/2020\/06\/s\u00e9l\u00e9ction-Adultes_00072-1024x575.jpg\" alt=\"s\u00e9l\u00e9ction Adultes_0007\" width=\"1024\" height=\"575\" srcset=\"http:\/\/www.mairie-outarville.fr\/wp-content\/uploads\/2020\/06\/s\u00e9l\u00e9ction-Adultes_00072-1024x575.jpg 1024w, http:\/\/www.mairie-outarville.fr\/wp-content\/uploads\/2020\/06\/s\u00e9l\u00e9ction-Adultes_00072-300x168.jpg 300w\" sizes=\"(max-width: 1024px) 100vw, 1024px\" \/><\/a> <a href=\"http:\/\/www.mairie-outarville.fr\/wp-content\/uploads\/2020\/06\/s\u00e9l\u00e9ction-Adultes_00082.jpg\"><img decoding=\"async\" loading=\"lazy\" class=\"alignleft size-large wp-image-4596\" src=\"http:\/\/www.mairie-outarville.fr\/wp-content\/uploads\/2020\/06\/s\u00e9l\u00e9ction-Adultes_00082-1024x575.jpg\" alt=\"s\u00e9l\u00e9ction Adultes_0008\" width=\"1024\" height=\"575\" srcset=\"http:\/\/www.mairie-outarville.fr\/wp-content\/uploads\/2020\/06\/s\u00e9l\u00e9ction-Adultes_00082-1024x575.jpg 1024w, http:\/\/www.mairie-outarville.fr\/wp-content\/uploads\/2020\/06\/s\u00e9l\u00e9ction-Adultes_00082-300x168.jpg 300w\" sizes=\"(max-width: 1024px) 100vw, 1024px\" \/><\/a> <a href=\"http:\/\/www.mairie-outarville.fr\/wp-content\/uploads\/2020\/06\/s\u00e9l\u00e9ction-Adultes_00092.jpg\"><img decoding=\"async\" loading=\"lazy\" class=\"alignleft size-large wp-image-4597\" src=\"http:\/\/www.mairie-outarville.fr\/wp-content\/uploads\/2020\/06\/s\u00e9l\u00e9ction-Adultes_00092-1024x575.jpg\" alt=\"s\u00e9l\u00e9ction Adultes_0009\" width=\"1024\" height=\"575\" srcset=\"http:\/\/www.mairie-outarville.fr\/wp-content\/uploads\/2020\/06\/s\u00e9l\u00e9ction-Adultes_00092-1024x575.jpg 1024w, http:\/\/www.mairie-outarville.fr\/wp-content\/uploads\/2020\/06\/s\u00e9l\u00e9ction-Adultes_00092-300x168.jpg 300w\" sizes=\"(max-width: 1024px) 100vw, 1024px\" \/><\/a><\/p>\n<p>&nbsp;<\/p>\n<p>&nbsp;<\/p>\n<p><em><strong>S\u00e9lection pr\u00e9c\u00e9dente<\/strong><\/em><\/p>\n<p>&nbsp;<\/p>\n<p><a href=\"http:\/\/www.mairie-outarville.fr\/wp-content\/uploads\/2020\/06\/Qlqs-coups-de-c\u0153ur-Adulte_0001.jpg\"><img decoding=\"async\" loading=\"lazy\" class=\"alignleft size-large wp-image-4383\" src=\"http:\/\/www.mairie-outarville.fr\/wp-content\/uploads\/2020\/06\/Qlqs-coups-de-c\u0153ur-Adulte_0001-1024x575.jpg\" alt=\"Qlqs coups de c\u0153ur Adulte_0001\" width=\"1024\" height=\"575\" srcset=\"http:\/\/www.mairie-outarville.fr\/wp-content\/uploads\/2020\/06\/Qlqs-coups-de-c\u0153ur-Adulte_0001-1024x575.jpg 1024w, http:\/\/www.mairie-outarville.fr\/wp-content\/uploads\/2020\/06\/Qlqs-coups-de-c\u0153ur-Adulte_0001-300x168.jpg 300w\" sizes=\"(max-width: 1024px) 100vw, 1024px\" \/><\/a><a href=\"http:\/\/www.mairie-outarville.fr\/wp-content\/uploads\/2020\/06\/Qlqs-coups-de-c\u0153ur-Adulte_0002.jpg\"><img decoding=\"async\" loading=\"lazy\" class=\"alignleft size-large wp-image-4381\" src=\"http:\/\/www.mairie-outarville.fr\/wp-content\/uploads\/2020\/06\/Qlqs-coups-de-c\u0153ur-Adulte_0002-1024x575.jpg\" alt=\"Qlqs coups de c\u0153ur Adulte_0002\" width=\"1024\" height=\"575\" srcset=\"http:\/\/www.mairie-outarville.fr\/wp-content\/uploads\/2020\/06\/Qlqs-coups-de-c\u0153ur-Adulte_0002-1024x575.jpg 1024w, http:\/\/www.mairie-outarville.fr\/wp-content\/uploads\/2020\/06\/Qlqs-coups-de-c\u0153ur-Adulte_0002-300x168.jpg 300w\" sizes=\"(max-width: 1024px) 100vw, 1024px\" \/><\/a><a href=\"http:\/\/www.mairie-outarville.fr\/wp-content\/uploads\/2020\/06\/Qlqs-coups-de-c\u0153ur-Adulte_0003.jpg\"><img decoding=\"async\" loading=\"lazy\" class=\"alignleft size-large wp-image-4379\" src=\"http:\/\/www.mairie-outarville.fr\/wp-content\/uploads\/2020\/06\/Qlqs-coups-de-c\u0153ur-Adulte_0003-1024x575.jpg\" alt=\"Qlqs coups de c\u0153ur Adulte_0003\" width=\"1024\" height=\"575\" srcset=\"http:\/\/www.mairie-outarville.fr\/wp-content\/uploads\/2020\/06\/Qlqs-coups-de-c\u0153ur-Adulte_0003-1024x575.jpg 1024w, http:\/\/www.mairie-outarville.fr\/wp-content\/uploads\/2020\/06\/Qlqs-coups-de-c\u0153ur-Adulte_0003-300x168.jpg 300w\" sizes=\"(max-width: 1024px) 100vw, 1024px\" \/><\/a><a href=\"http:\/\/www.mairie-outarville.fr\/wp-content\/uploads\/2020\/06\/Qlqs-coups-de-c\u0153ur-Adulte_0004.jpg\"><img decoding=\"async\" loading=\"lazy\" class=\"alignleft size-large wp-image-4377\" src=\"http:\/\/www.mairie-outarville.fr\/wp-content\/uploads\/2020\/06\/Qlqs-coups-de-c\u0153ur-Adulte_0004-1024x575.jpg\" alt=\"Qlqs coups de c\u0153ur Adulte_0004\" width=\"1024\" height=\"575\" srcset=\"http:\/\/www.mairie-outarville.fr\/wp-content\/uploads\/2020\/06\/Qlqs-coups-de-c\u0153ur-Adulte_0004-1024x575.jpg 1024w, http:\/\/www.mairie-outarville.fr\/wp-content\/uploads\/2020\/06\/Qlqs-coups-de-c\u0153ur-Adulte_0004-300x168.jpg 300w\" sizes=\"(max-width: 1024px) 100vw, 1024px\" \/><\/a><\/p>\n","protected":false},"excerpt":{"rendered":"<p>&nbsp; &nbsp; S\u00e9lection pr\u00e9c\u00e9dente &nbsp;<\/p>\n","protected":false},"author":3,"featured_media":0,"parent":0,"menu_order":0,"comment_status":"closed","ping_status":"closed","template":"","meta":{"footnotes":""},"_links":{"self":[{"href":"http:\/\/www.mairie-outarville.fr\/index.php?rest_route=\/wp\/v2\/pages\/4362"}],"collection":[{"href":"http:\/\/www.mairie-outarville.fr\/index.php?rest_route=\/wp\/v2\/pages"}],"about":[{"href":"http:\/\/www.mairie-outarville.fr\/index.php?rest_route=\/wp\/v2\/types\/page"}],"author":[{"embeddable":true,"href":"http:\/\/www.mairie-outarville.fr\/index.php?rest_route=\/wp\/v2\/users\/3"}],"replies":[{"embeddable":true,"href":"http:\/\/www.mairie-outarville.fr\/index.php?rest_route=%2Fwp%2Fv2%2Fcomments&post=4362"}],"version-history":[{"count":9,"href":"http:\/\/www.mairie-outarville.fr\/index.php?rest_route=\/wp\/v2\/pages\/4362\/revisions"}],"predecessor-version":[{"id":4599,"href":"http:\/\/www.mairie-outarville.fr\/index.php?rest_route=\/wp\/v2\/pages\/4362\/revisions\/4599"}],"wp:attachment":[{"href":"http:\/\/www.mairie-outarville.fr\/index.php?rest_route=%2Fwp%2Fv2%2Fmedia&parent=4362"}],"curies":[{"name":"wp","href":"https:\/\/api.w.org\/{rel}","templated":true}]}}