{"id":403,"date":"2014-07-06T20:26:47","date_gmt":"2014-07-06T18:26:47","guid":{"rendered":"http:\/\/www.mairie-outarville.fr\/?page_id=403"},"modified":"2014-08-24T23:43:12","modified_gmt":"2014-08-24T21:43:12","slug":"allainville-en-beauce","status":"publish","type":"page","link":"http:\/\/www.mairie-outarville.fr\/?page_id=403","title":{"rendered":"Allainville-en-Beauce"},"content":{"rendered":"<p><a href=\"http:\/\/www.mairie-outarville.fr\/wp-content\/uploads\/2014\/07\/clocher-allainville.jpg\"><img decoding=\"async\" loading=\"lazy\" class=\"alignright wp-image-483 \" src=\"http:\/\/www.mairie-outarville.fr\/wp-content\/uploads\/2014\/07\/clocher-allainville-225x300.jpg\" alt=\"clocher allainville\" width=\"217\" height=\"288\" srcset=\"http:\/\/www.mairie-outarville.fr\/wp-content\/uploads\/2014\/07\/clocher-allainville-225x300.jpg 225w, http:\/\/www.mairie-outarville.fr\/wp-content\/uploads\/2014\/07\/clocher-allainville.jpg 450w\" sizes=\"(max-width: 217px) 100vw, 217px\" \/><\/a><br \/>\n<a href=\"http:\/\/www.mairie-outarville.fr\/wp-content\/uploads\/2014\/07\/allainville.jpg\"><img decoding=\"async\" loading=\"lazy\" class=\"wp-image-485  alignleft\" src=\"http:\/\/www.mairie-outarville.fr\/wp-content\/uploads\/2014\/07\/allainville-300x225.jpg\" alt=\"allainville\" width=\"353\" height=\"265\" srcset=\"http:\/\/www.mairie-outarville.fr\/wp-content\/uploads\/2014\/07\/allainville-300x225.jpg 300w, http:\/\/www.mairie-outarville.fr\/wp-content\/uploads\/2014\/07\/allainville.jpg 800w\" sizes=\"(max-width: 353px) 100vw, 353px\" \/><\/a><\/p>\n<p>&nbsp;<\/p>\n<p>&nbsp;<\/p>\n<p>&nbsp;<\/p>\n<p>&nbsp;<\/p>\n<p>&nbsp;<\/p>\n<p>&nbsp;<\/p>\n<p>&nbsp;<\/p>\n<p>&nbsp;<\/p>\n<p>&nbsp;<\/p>\n<p><span style=\"color: #0000ff;\"><strong><span style=\"text-decoration: underline;\">Habitants :<\/span><\/strong><\/span> <span style=\"color: #ffcc00;\"><strong>allainvillois\/allainvilloise<\/strong><\/span><\/p>\n<p>L&rsquo;\u00e9glise d&rsquo;Allainville en Beauce \u00e9tait peut-etre\u00a0autrefois baptis\u00e9e Saint Bon (aucune recherche ne permet de le confirmer). Elle porte de nos jours le nom de Saint Pierre.<\/p>\n<p>L&rsquo;\u00e9glise est discr\u00e8tement cach\u00e9e derri\u00e8re son clocher-porche. Celui-ci, simple tour carr\u00e9e haute d&rsquo;une dizaine de m\u00e8tres, est dat\u00e9 du XVIIe si\u00e8cle. La porte ouvrant sur la nef est romane (d\u00e9but XIIe) mais semble avoir \u00e9t\u00e9 remont\u00e9e.<br \/>\nLe mur Sud de la nef avec ses belles proportions renvoie au XV-XVIe si\u00e8cle. Le mur Nord porte la trace d&rsquo;une porte ancienne mais difficile \u00e0 dater. La sacristie a \u00e9t\u00e9 rajout\u00e9e. Le chevet plat de l&rsquo;\u00e9glise, perc\u00e9 d&rsquo;un oculus du XVIIe, sugg\u00e8re une construction fin XIIe, d\u00e9but XIIIe.<br \/>\nA l&rsquo;int\u00e9rieur, le baptist\u00e8re semble la pi\u00e8ce la plus ancienne, retrouv\u00e9e dans le presbyt\u00e8re. Il pourrait provenir de l&rsquo;\u00e9glise primitive br\u00fbl\u00e9e au XIVe si\u00e8cle. La grille qui s\u00e9pare la nef du ch\u0153ur, pos\u00e9e r\u00e9cemment, est de provenance inconnue. La chaire, tr\u00e8s \u00e9l\u00e9gante, est de style Louis XV, mais l&rsquo;abat-son trop petit a d\u00fb \u00eatre refait. Les stalles, fort belles, ne sont pas adapt\u00e9es et proviennent d&rsquo;une abbaye supprim\u00e9e au XVIIIe si\u00e8cle ou \u00e0 la r\u00e9volution. La sacristie est meubl\u00e9e d&rsquo;\u00e9poque XVIIIe. Le retable a \u00e9t\u00e9 d\u00e9mont\u00e9, un panneau sert devant l&rsquo;autel. Sur la premi\u00e8re station du chemin de croix, on peut d\u00e9couvrir une peinture \u00e0 l&rsquo;huile de qualit\u00e9.<br \/>\nL&rsquo;\u00e9glise a \u00e9t\u00e9 restaur\u00e9e au XIXe (une inscription signale en 1895).<br \/>\nDans l&rsquo;oculus du mur Est, le vitrail a \u00e9t\u00e9 cr\u00e9\u00e9 par les moines de Saint-Beno\u00eet sur Loire vers 1970\/1975.<\/p>\n<p><span style=\"color: #0000ff;\"><b><span style=\"text-decoration: underline;\">\u00a0<\/span><\/b><\/span><\/p>\n","protected":false},"excerpt":{"rendered":"<p>&nbsp; &nbsp; &nbsp; &nbsp; &nbsp; &nbsp; &nbsp; &nbsp; &nbsp; Habitants : allainvillois\/allainvilloise L&rsquo;\u00e9glise d&rsquo;Allainville en Beauce \u00e9tait peut-etre\u00a0autrefois baptis\u00e9e Saint Bon (aucune recherche ne permet de le confirmer). Elle porte de nos jours le nom de Saint Pierre. L&rsquo;\u00e9glise est discr\u00e8tement cach\u00e9e derri\u00e8re son clocher-porche. Celui-ci, simple tour carr\u00e9e haute d&rsquo;une dizaine de m\u00e8tres, est<\/p>\n","protected":false},"author":3,"featured_media":0,"parent":0,"menu_order":0,"comment_status":"closed","ping_status":"closed","template":"","meta":{"footnotes":""},"_links":{"self":[{"href":"http:\/\/www.mairie-outarville.fr\/index.php?rest_route=\/wp\/v2\/pages\/403"}],"collection":[{"href":"http:\/\/www.mairie-outarville.fr\/index.php?rest_route=\/wp\/v2\/pages"}],"about":[{"href":"http:\/\/www.mairie-outarville.fr\/index.php?rest_route=\/wp\/v2\/types\/page"}],"author":[{"embeddable":true,"href":"http:\/\/www.mairie-outarville.fr\/index.php?rest_route=\/wp\/v2\/users\/3"}],"replies":[{"embeddable":true,"href":"http:\/\/www.mairie-outarville.fr\/index.php?rest_route=%2Fwp%2Fv2%2Fcomments&post=403"}],"version-history":[{"count":13,"href":"http:\/\/www.mairie-outarville.fr\/index.php?rest_route=\/wp\/v2\/pages\/403\/revisions"}],"predecessor-version":[{"id":851,"href":"http:\/\/www.mairie-outarville.fr\/index.php?rest_route=\/wp\/v2\/pages\/403\/revisions\/851"}],"wp:attachment":[{"href":"http:\/\/www.mairie-outarville.fr\/index.php?rest_route=%2Fwp%2Fv2%2Fmedia&parent=403"}],"curies":[{"name":"wp","href":"https:\/\/api.w.org\/{rel}","templated":true}]}}

<p><a href="http://www.mairie-outarville.fr/wp-content/uploads/2014/07/clocher-allainville.jpg"><img decoding="async" loading="lazy" class="alignright wp-image-483 " src="http://www.mairie-outarville.fr/wp-content/uploads/2014/07/clocher-allainville-225x300.jpg" alt="clocher allainville" width="217" height="288" srcset="http://www.mairie-outarville.fr/wp-content/uploads/2014/07/clocher-allainville-225x300.jpg 225w, http://www.mairie-outarville.fr/wp-content/uploads/2014/07/clocher-allainville.jpg 450w" sizes="(max-width: 217px) 100vw, 217px" /></a><br />
<a href="http://www.mairie-outarville.fr/wp-content/uploads/2014/07/allainville.jpg"><img decoding="async" loading="lazy" class="wp-image-485  alignleft" src="http://www.mairie-outarville.fr/wp-content/uploads/2014/07/allainville-300x225.jpg" alt="allainville" width="353" height="265" srcset="http://www.mairie-outarville.fr/wp-content/uploads/2014/07/allainville-300x225.jpg 300w, http://www.mairie-outarville.fr/wp-content/uploads/2014/07/allainville.jpg 800w" sizes="(max-width: 353px) 100vw, 353px" /></a></p>
<p>&nbsp;</p>
<p>&nbsp;</p>
<p>&nbsp;</p>
<p>&nbsp;</p>
<p>&nbsp;</p>
<p>&nbsp;</p>
<p>&nbsp;</p>
<p>&nbsp;</p>
<p>&nbsp;</p>
<p><span style="color: #0000ff;"><strong><span style="text-decoration: underline;">Habitants :</span></strong></span> <span style="color: #ffcc00;"><strong>allainvillois/allainvilloise</strong></span></p>
<p>L&rsquo;église d&rsquo;Allainville en Beauce était peut-etre autrefois baptisée Saint Bon (aucune recherche ne permet de le confirmer). Elle porte de nos jours le nom de Saint Pierre.</p>
<p>L&rsquo;église est discrètement cachée derrière son clocher-porche. Celui-ci, simple tour carrée haute d&rsquo;une dizaine de mètres, est daté du XVIIe siècle. La porte ouvrant sur la nef est romane (début XIIe) mais semble avoir été remontée.<br />
Le mur Sud de la nef avec ses belles proportions renvoie au XV-XVIe siècle. Le mur Nord porte la trace d&rsquo;une porte ancienne mais difficile à dater. La sacristie a été rajoutée. Le chevet plat de l&rsquo;église, percé d&rsquo;un oculus du XVIIe, suggère une construction fin XIIe, début XIIIe.<br />
A l&rsquo;intérieur, le baptistère semble la pièce la plus ancienne, retrouvée dans le presbytère. Il pourrait provenir de l&rsquo;église primitive brûlée au XIVe siècle. La grille qui sépare la nef du chœur, posée récemment, est de provenance inconnue. La chaire, très élégante, est de style Louis XV, mais l&rsquo;abat-son trop petit a dû être refait. Les stalles, fort belles, ne sont pas adaptées et proviennent d&rsquo;une abbaye supprimée au XVIIIe siècle ou à la révolution. La sacristie est meublée d&rsquo;époque XVIIIe. Le retable a été démonté, un panneau sert devant l&rsquo;autel. Sur la première station du chemin de croix, on peut découvrir une peinture à l&rsquo;huile de qualité.<br />
L&rsquo;église a été restaurée au XIXe (une inscription signale en 1895).<br />
Dans l&rsquo;oculus du mur Est, le vitrail a été créé par les moines de Saint-Benoît sur Loire vers 1970/1975.</p>
<p><span style="color: #0000ff;"><b><span style="text-decoration: underline;"> </span></b></span></p>

<p>&nbsp; &nbsp; &nbsp; &nbsp; &nbsp; &nbsp; &nbsp; &nbsp; &nbsp; Habitants : allainvillois/allainvilloise L&rsquo;église d&rsquo;Allainville en Beauce était peut-etre autrefois baptisée Saint Bon (aucune recherche ne permet de le confirmer). Elle porte de nos jours le nom de Saint Pierre. L&rsquo;église est discrètement cachée derrière son clocher-porche. Celui-ci, simple tour carrée haute d&rsquo;une dizaine de mètres, est</p>
