{"id":3004,"date":"2019-09-04T14:03:08","date_gmt":"2019-09-04T12:03:08","guid":{"rendered":"http:\/\/www.mairie-outarville.fr\/?page_id=3004"},"modified":"2019-09-04T14:39:12","modified_gmt":"2019-09-04T12:39:12","slug":"recensement-militaire","status":"publish","type":"page","link":"http:\/\/www.mairie-outarville.fr\/?page_id=3004","title":{"rendered":"Recensement Militaire"},"content":{"rendered":"<h2><span style=\"text-decoration: underline; color: #33cccc;\"><strong>Se faire recenser qu&rsquo;est-ce que c&rsquo;est?<\/strong><\/span><\/h2>\n<p style=\"font-weight: 400; color: #414856;\">Tout jeune Fran\u00e7ais qui a 16 ans doit faire la d\u00e9marche de se faire recenser aupr\u00e8s de la mairie de son domicile.<\/p>\n<p style=\"font-weight: 400; color: #414856;\">\u00a0 \u00a0 \u00a0 \u00a0 -Le recensement permet \u00e0 l&rsquo;administration de convoquer le jeune pour qu&rsquo;il effectue la<span style=\"color: #008000;\">\u00a0<a href=\"https:\/\/www.service-public.fr\/particuliers\/vosdroits\/F871\"><span style=\"color: #008000;\">journ\u00e9e d\u00e9fense et citoyennet\u00e9 (JDC)<\/span><\/a>.<\/span><\/p>\n<p style=\"font-weight: 400; color: #414856;\">\u00a0 \u00a0 \u00a0 \u00a0 \u00a0&#8211; et de<span style=\"color: #008000;\">\u00a0<a href=\"https:\/\/www.service-public.fr\/particuliers\/vosdroits\/F1961\"><span style=\"color: #008000;\">l&rsquo;inscrire d&rsquo;office<\/span><\/a><\/span>\u00a0sur les listes \u00e9lectorales \u00e0 ses 18 ans.<\/p>\n<h2 class=\"fiche-title-1\" style=\"font-weight: normal; color: #0b6ba8;\"><span style=\"color: #33cccc;\"><strong><span style=\"text-decoration: underline;\"><span style=\"text-decoration: underline;\">Attestation de recensement.<\/span><\/span><\/strong><\/span><\/h2>\n<p><strong style=\"font-weight: bold;\">D\u00e9livrance de l&rsquo;attestation<\/strong><\/p>\n<p>\u00c0 la suite du recensement, la mairie d\u00e9livre une attestation de recensement. Il n&rsquo;est pas d\u00e9livr\u00e9 de duplicata.<\/p>\n<p>Si le recensement a \u00e9t\u00e9 fait sur internet\u00a0:<\/p>\n<ul>\n<li>soit l&rsquo;attestation de recensement se trouve dans le porte-document du compte personnel. Il est possible de l&rsquo;imprimer autant de fois que n\u00e9cessaire\u00a0;<\/li>\n<li>soit la mairie l&rsquo;envoie par courrier dans les 10 jours.<\/li>\n<\/ul>\n<p>La remise de l&rsquo;attestation est souvent accompagn\u00e9e d&rsquo;une brochure d&rsquo;information sur le service national.<\/p>\n<p><strong style=\"font-weight: bold;\">En cas de perte ou de vol,<\/strong>\u00a0une attestation de situation administrative vous sera adress\u00e9e par le centre du service national de votre domicile. Pour cela, vous devez lui en faire la demande\u00a0:<span style=\"color: #008080;\"><a href=\"http:\/\/www.defense.gouv.fr\/jdc\/ma-jdc\/contacts-et-coordonnees\/coordonnees-des-centres-du-service-national\"><span style=\"color: #008080;\"> http:\/\/www.defense.gouv.fr\/jdc\/ma-jdc\/contacts-et-coordonnees\/coordonnees-des-centres-du-service-national<\/span><\/a><\/span><\/p>\n<h2><strong><span style=\"text-decoration: underline; color: #33cccc;\">Site infos pratiques:\u00a0<\/span><\/strong><\/h2>\n<p><span style=\"color: #008080;\"><a href=\"https:\/\/presaje.sga.defense.gouv.fr\/\"><span style=\"color: #008080;\">https:\/\/presaje.sga.defense.gouv.fr\/<\/span><\/a><\/span><\/p>\n<p>&nbsp;<\/p>\n<p><a href=\"http:\/\/www.mairie-outarville.fr\/wp-content\/uploads\/2019\/09\/majdc-guide_5b991d1045126_-1-1.jpg\"><img decoding=\"async\" loading=\"lazy\" class=\"alignleft size-large wp-image-3015\" src=\"http:\/\/www.mairie-outarville.fr\/wp-content\/uploads\/2019\/09\/majdc-guide_5b991d1045126_-1-1-1024x724.jpg\" alt=\"majdc-guide_5b991d1045126_ (1)-1\" width=\"1024\" height=\"724\" srcset=\"http:\/\/www.mairie-outarville.fr\/wp-content\/uploads\/2019\/09\/majdc-guide_5b991d1045126_-1-1-1024x724.jpg 1024w, http:\/\/www.mairie-outarville.fr\/wp-content\/uploads\/2019\/09\/majdc-guide_5b991d1045126_-1-1-300x212.jpg 300w\" sizes=\"(max-width: 1024px) 100vw, 1024px\" \/><\/a><a href=\"http:\/\/www.mairie-outarville.fr\/wp-content\/uploads\/2019\/09\/majdc-guide_5b991d1045126_-1-2.jpg\"><img decoding=\"async\" loading=\"lazy\" class=\"alignleft size-large wp-image-3014\" src=\"http:\/\/www.mairie-outarville.fr\/wp-content\/uploads\/2019\/09\/majdc-guide_5b991d1045126_-1-2-1024x724.jpg\" alt=\"majdc-guide_5b991d1045126_ (1)-2\" width=\"1024\" height=\"724\" srcset=\"http:\/\/www.mairie-outarville.fr\/wp-content\/uploads\/2019\/09\/majdc-guide_5b991d1045126_-1-2-1024x724.jpg 1024w, http:\/\/www.mairie-outarville.fr\/wp-content\/uploads\/2019\/09\/majdc-guide_5b991d1045126_-1-2-300x212.jpg 300w\" sizes=\"(max-width: 1024px) 100vw, 1024px\" \/><\/a><\/p>\n","protected":false},"excerpt":{"rendered":"<p>Se faire recenser qu&rsquo;est-ce que c&rsquo;est? Tout jeune Fran\u00e7ais qui a 16 ans doit faire la d\u00e9marche de se faire recenser aupr\u00e8s de la mairie de son domicile. \u00a0 \u00a0 \u00a0 \u00a0 -Le recensement permet \u00e0 l&rsquo;administration de convoquer le jeune pour qu&rsquo;il effectue la\u00a0journ\u00e9e d\u00e9fense et citoyennet\u00e9 (JDC). \u00a0 \u00a0 \u00a0 \u00a0 \u00a0&#8211; et<\/p>\n","protected":false},"author":3,"featured_media":0,"parent":0,"menu_order":0,"comment_status":"closed","ping_status":"closed","template":"","meta":{"footnotes":""},"_links":{"self":[{"href":"http:\/\/www.mairie-outarville.fr\/index.php?rest_route=\/wp\/v2\/pages\/3004"}],"collection":[{"href":"http:\/\/www.mairie-outarville.fr\/index.php?rest_route=\/wp\/v2\/pages"}],"about":[{"href":"http:\/\/www.mairie-outarville.fr\/index.php?rest_route=\/wp\/v2\/types\/page"}],"author":[{"embeddable":true,"href":"http:\/\/www.mairie-outarville.fr\/index.php?rest_route=\/wp\/v2\/users\/3"}],"replies":[{"embeddable":true,"href":"http:\/\/www.mairie-outarville.fr\/index.php?rest_route=%2Fwp%2Fv2%2Fcomments&post=3004"}],"version-history":[{"count":9,"href":"http:\/\/www.mairie-outarville.fr\/index.php?rest_route=\/wp\/v2\/pages\/3004\/revisions"}],"predecessor-version":[{"id":3016,"href":"http:\/\/www.mairie-outarville.fr\/index.php?rest_route=\/wp\/v2\/pages\/3004\/revisions\/3016"}],"wp:attachment":[{"href":"http:\/\/www.mairie-outarville.fr\/index.php?rest_route=%2Fwp%2Fv2%2Fmedia&parent=3004"}],"curies":[{"name":"wp","href":"https:\/\/api.w.org\/{rel}","templated":true}]}}