{"id":249,"date":"2014-06-25T23:52:01","date_gmt":"2014-06-25T21:52:01","guid":{"rendered":"http:\/\/www.mairie-outarville.fr\/?page_id=249"},"modified":"2014-08-24T15:00:43","modified_gmt":"2014-08-24T13:00:43","slug":"associations-les-vignes-davaux","status":"publish","type":"page","link":"http:\/\/www.mairie-outarville.fr\/?page_id=249","title":{"rendered":"Associations Les vignes d&rsquo;Avaux"},"content":{"rendered":"<p><span style=\"text-decoration: underline; color: #0000ff;\"><strong>Pr\u00e9sident de l&rsquo;association les vignes d&rsquo;Avaux :<\/strong><\/span> LACOURBAS Jean-Pierre<\/p>\n<p style=\"text-align: justify;\">L&rsquo;association existe depuis 2005. Elle poursuit son action b\u00e9n\u00e9vole avec un seul objectif promouvoir l&rsquo;animation de la maison de retraite Pierre Mondine, en tenant compte des souhaits et des aspirations de l&rsquo;ensemble des r\u00e9sidents.<\/p>\n<p style=\"text-align: justify;\">Tout au long de l&rsquo;ann\u00e9e, avec l&rsquo;accord de la direction et l&rsquo;aide de l&rsquo;animatrice Priscilla, nous participons humainement et financi\u00e8rement \u00e0 l&rsquo;ensemble des nombreuses activit\u00e9s organis\u00e9es avec et pour les r\u00e9sidents.<\/p>\n<p><span style=\"text-decoration: underline; color: #0000ff;\">Honorer les personnes \u00e2g\u00e9es implique \u00e0 leur \u00e9gard, un triple devoir :<\/span><\/p>\n<p>&#8211; le devoir de les accueillir<\/p>\n<p>&#8211; le devoir de les aider<\/p>\n<p>&#8211; le devoir de mettre en valeur leurs qualit\u00e9s.<\/p>\n<p>C&rsquo;est ainsi qu&rsquo;il nous appartient de faire en sorte que ceux qui avancent en \u00e2ge, puissent vieillir dans la dignit\u00e9.<\/p>\n<p>&nbsp;<\/p>\n","protected":false},"excerpt":{"rendered":"<p>Pr\u00e9sident de l&rsquo;association les vignes d&rsquo;Avaux : LACOURBAS Jean-Pierre L&rsquo;association existe depuis 2005. Elle poursuit son action b\u00e9n\u00e9vole avec un seul objectif promouvoir l&rsquo;animation de la maison de retraite Pierre Mondine, en tenant compte des souhaits et des aspirations de l&rsquo;ensemble des r\u00e9sidents. Tout au long de l&rsquo;ann\u00e9e, avec l&rsquo;accord de la direction et l&rsquo;aide<\/p>\n","protected":false},"author":3,"featured_media":0,"parent":0,"menu_order":0,"comment_status":"closed","ping_status":"closed","template":"","meta":{"footnotes":""},"_links":{"self":[{"href":"http:\/\/www.mairie-outarville.fr\/index.php?rest_route=\/wp\/v2\/pages\/249"}],"collection":[{"href":"http:\/\/www.mairie-outarville.fr\/index.php?rest_route=\/wp\/v2\/pages"}],"about":[{"href":"http:\/\/www.mairie-outarville.fr\/index.php?rest_route=\/wp\/v2\/types\/page"}],"author":[{"embeddable":true,"href":"http:\/\/www.mairie-outarville.fr\/index.php?rest_route=\/wp\/v2\/users\/3"}],"replies":[{"embeddable":true,"href":"http:\/\/www.mairie-outarville.fr\/index.php?rest_route=%2Fwp%2Fv2%2Fcomments&post=249"}],"version-history":[{"count":6,"href":"http:\/\/www.mairie-outarville.fr\/index.php?rest_route=\/wp\/v2\/pages\/249\/revisions"}],"predecessor-version":[{"id":822,"href":"http:\/\/www.mairie-outarville.fr\/index.php?rest_route=\/wp\/v2\/pages\/249\/revisions\/822"}],"wp:attachment":[{"href":"http:\/\/www.mairie-outarville.fr\/index.php?rest_route=%2Fwp%2Fv2%2Fmedia&parent=249"}],"curies":[{"name":"wp","href":"https:\/\/api.w.org\/{rel}","templated":true}]}}