{"id":2438,"date":"2019-04-08T08:56:41","date_gmt":"2019-04-08T06:56:41","guid":{"rendered":"http:\/\/www.mairie-outarville.fr\/?page_id=2438"},"modified":"2019-04-16T15:24:36","modified_gmt":"2019-04-16T13:24:36","slug":"faire-un-don","status":"publish","type":"page","link":"http:\/\/www.mairie-outarville.fr\/?page_id=2438","title":{"rendered":"Faire un don"},"content":{"rendered":"<p><a href=\"http:\/\/www.mairie-outarville.fr\/wp-content\/uploads\/2019\/04\/Capture-d\u2019\u00e9cran-2019-04-16-\u00e0-15.16.40.png\"><img decoding=\"async\" loading=\"lazy\" class=\" wp-image-2486 aligncenter\" src=\"http:\/\/www.mairie-outarville.fr\/wp-content\/uploads\/2019\/04\/Capture-d\u2019\u00e9cran-2019-04-16-\u00e0-15.16.40.png\" alt=\"Capture d\u2019\u00e9cran 2019-04-16 \u00e0 15.16.40\" width=\"184\" height=\"374\" srcset=\"http:\/\/www.mairie-outarville.fr\/wp-content\/uploads\/2019\/04\/Capture-d\u2019\u00e9cran-2019-04-16-\u00e0-15.16.40.png 296w, http:\/\/www.mairie-outarville.fr\/wp-content\/uploads\/2019\/04\/Capture-d\u2019\u00e9cran-2019-04-16-\u00e0-15.16.40-147x300.png 147w\" sizes=\"(max-width: 184px) 100vw, 184px\" \/><\/a>Deux\u00a0mani\u00e8res pour faire directement\u00a0un versement au projet de restauration de l&rsquo;\u00e9glise d&rsquo;Allainville en Beauce :<\/p>\n<p>&#8211; aller sur le site internet de la Fondation du Patrimoine<\/p>\n<p>&#8211; remplir un bon de souscription (voir pi\u00e8ce jointe) et l&rsquo;adresser avec votre r\u00e8glement la Fondation du Patrimoine (informations dans la m\u00eame pi\u00e8ce jointe).<\/p>\n<p>[wpdm_file id=156]<\/p>\n<p>&nbsp;<\/p>\n","protected":false},"excerpt":{"rendered":"<p>Deux\u00a0mani\u00e8res pour faire directement\u00a0un versement au projet de restauration de l&rsquo;\u00e9glise d&rsquo;Allainville en Beauce : &#8211; aller sur le site internet de la Fondation du Patrimoine &#8211; remplir un bon de souscription (voir pi\u00e8ce jointe) et l&rsquo;adresser avec votre r\u00e8glement la Fondation du Patrimoine (informations dans la m\u00eame pi\u00e8ce jointe). [wpdm_file id=156] &nbsp;<\/p>\n","protected":false},"author":3,"featured_media":0,"parent":0,"menu_order":0,"comment_status":"closed","ping_status":"closed","template":"","meta":{"footnotes":""},"_links":{"self":[{"href":"http:\/\/www.mairie-outarville.fr\/index.php?rest_route=\/wp\/v2\/pages\/2438"}],"collection":[{"href":"http:\/\/www.mairie-outarville.fr\/index.php?rest_route=\/wp\/v2\/pages"}],"about":[{"href":"http:\/\/www.mairie-outarville.fr\/index.php?rest_route=\/wp\/v2\/types\/page"}],"author":[{"embeddable":true,"href":"http:\/\/www.mairie-outarville.fr\/index.php?rest_route=\/wp\/v2\/users\/3"}],"replies":[{"embeddable":true,"href":"http:\/\/www.mairie-outarville.fr\/index.php?rest_route=%2Fwp%2Fv2%2Fcomments&post=2438"}],"version-history":[{"count":3,"href":"http:\/\/www.mairie-outarville.fr\/index.php?rest_route=\/wp\/v2\/pages\/2438\/revisions"}],"predecessor-version":[{"id":2488,"href":"http:\/\/www.mairie-outarville.fr\/index.php?rest_route=\/wp\/v2\/pages\/2438\/revisions\/2488"}],"wp:attachment":[{"href":"http:\/\/www.mairie-outarville.fr\/index.php?rest_route=%2Fwp%2Fv2%2Fmedia&parent=2438"}],"curies":[{"name":"wp","href":"https:\/\/api.w.org\/{rel}","templated":true}]}}