{"id":241,"date":"2014-06-25T23:50:44","date_gmt":"2014-06-25T21:50:44","guid":{"rendered":"http:\/\/www.mairie-outarville.fr\/?page_id=241"},"modified":"2014-08-11T00:47:20","modified_gmt":"2014-08-10T22:47:20","slug":"section-des-anciens-combattants-catm","status":"publish","type":"page","link":"http:\/\/www.mairie-outarville.fr\/?page_id=241","title":{"rendered":"Section des Anciens Combattants (CATM)"},"content":{"rendered":"<p><strong><span style=\"text-decoration: underline;\">Pr\u00e9sident :<\/span><\/strong> Myriam BERTHEAU<\/p>\n<p>Notre recueillement aupr\u00e8s du monument aux morts d&rsquo;Outarville les 8 mai et 11 novembre, est particuli\u00e8rement appr\u00e9ci\u00e9 par la pr\u00e9sence des \u00e9coles pour un devoir de m\u00e9moire lors des diff\u00e9rentes lectures.<\/p>\n<p><a href=\"http:\/\/www.mairie-outarville.fr\/wp-content\/uploads\/2014\/06\/8-mai-2013.png\"><img decoding=\"async\" loading=\"lazy\" class=\"aligncenter wp-image-619 size-full\" src=\"http:\/\/www.mairie-outarville.fr\/wp-content\/uploads\/2014\/06\/8-mai-2013.png\" alt=\"8 mai 2013\" width=\"629\" height=\"541\" srcset=\"http:\/\/www.mairie-outarville.fr\/wp-content\/uploads\/2014\/06\/8-mai-2013.png 629w, http:\/\/www.mairie-outarville.fr\/wp-content\/uploads\/2014\/06\/8-mai-2013-300x258.png 300w\" sizes=\"(max-width: 629px) 100vw, 629px\" \/><\/a><\/p>\n","protected":false},"excerpt":{"rendered":"<p>Pr\u00e9sident : Myriam BERTHEAU Notre recueillement aupr\u00e8s du monument aux morts d&rsquo;Outarville les 8 mai et 11 novembre, est particuli\u00e8rement appr\u00e9ci\u00e9 par la pr\u00e9sence des \u00e9coles pour un devoir de m\u00e9moire lors des diff\u00e9rentes lectures.<\/p>\n","protected":false},"author":3,"featured_media":0,"parent":0,"menu_order":0,"comment_status":"closed","ping_status":"closed","template":"","meta":{"footnotes":""},"_links":{"self":[{"href":"http:\/\/www.mairie-outarville.fr\/index.php?rest_route=\/wp\/v2\/pages\/241"}],"collection":[{"href":"http:\/\/www.mairie-outarville.fr\/index.php?rest_route=\/wp\/v2\/pages"}],"about":[{"href":"http:\/\/www.mairie-outarville.fr\/index.php?rest_route=\/wp\/v2\/types\/page"}],"author":[{"embeddable":true,"href":"http:\/\/www.mairie-outarville.fr\/index.php?rest_route=\/wp\/v2\/users\/3"}],"replies":[{"embeddable":true,"href":"http:\/\/www.mairie-outarville.fr\/index.php?rest_route=%2Fwp%2Fv2%2Fcomments&post=241"}],"version-history":[{"count":4,"href":"http:\/\/www.mairie-outarville.fr\/index.php?rest_route=\/wp\/v2\/pages\/241\/revisions"}],"predecessor-version":[{"id":620,"href":"http:\/\/www.mairie-outarville.fr\/index.php?rest_route=\/wp\/v2\/pages\/241\/revisions\/620"}],"wp:attachment":[{"href":"http:\/\/www.mairie-outarville.fr\/index.php?rest_route=%2Fwp%2Fv2%2Fmedia&parent=241"}],"curies":[{"name":"wp","href":"https:\/\/api.w.org\/{rel}","templated":true}]}}

<p><strong><span style="text-decoration: underline;">Président :</span></strong> Myriam BERTHEAU</p>
<p>Notre recueillement auprès du monument aux morts d&rsquo;Outarville les 8 mai et 11 novembre, est particulièrement apprécié par la présence des écoles pour un devoir de mémoire lors des différentes lectures.</p>
<p><a href="http://www.mairie-outarville.fr/wp-content/uploads/2014/06/8-mai-2013.png"><img decoding="async" loading="lazy" class="aligncenter wp-image-619 size-full" src="http://www.mairie-outarville.fr/wp-content/uploads/2014/06/8-mai-2013.png" alt="8 mai 2013" width="629" height="541" srcset="http://www.mairie-outarville.fr/wp-content/uploads/2014/06/8-mai-2013.png 629w, http://www.mairie-outarville.fr/wp-content/uploads/2014/06/8-mai-2013-300x258.png 300w" sizes="(max-width: 629px) 100vw, 629px" /></a></p>

<p>Président : Myriam BERTHEAU Notre recueillement auprès du monument aux morts d&rsquo;Outarville les 8 mai et 11 novembre, est particulièrement apprécié par la présence des écoles pour un devoir de mémoire lors des différentes lectures.</p>
