{"id":237,"date":"2014-06-25T23:49:55","date_gmt":"2014-06-25T21:49:55","guid":{"rendered":"http:\/\/www.mairie-outarville.fr\/?page_id=237"},"modified":"2021-08-27T12:01:08","modified_gmt":"2021-08-27T10:01:08","slug":"association-sports-et-loisirs-du-canton-doutarville-aselco","status":"publish","type":"page","link":"http:\/\/www.mairie-outarville.fr\/?page_id=237","title":{"rendered":"Association Sports et Loisirs du Canton d&rsquo;Outarville (ASELCO)"},"content":{"rendered":"<p><a href=\"http:\/\/www.mairie-outarville.fr\/wp-content\/uploads\/2014\/06\/aselco.jpg\">\u00a0<\/a><\/p>\n<p><a href=\"http:\/\/www.mairie-outarville.fr\/wp-content\/uploads\/2014\/06\/1909725023610902bcba05e1.44252381-1627980476-1.jpg\"><img decoding=\"async\" loading=\"lazy\" class=\"alignleft size-large wp-image-5605\" src=\"http:\/\/www.mairie-outarville.fr\/wp-content\/uploads\/2014\/06\/1909725023610902bcba05e1.44252381-1627980476-1-723x1024.jpg\" alt=\"1909725023610902bcba05e1.44252381-1627980476 (1)\" width=\"723\" height=\"1024\" \/><\/a><\/p>\n<p>&nbsp;<\/p>\n<p>&nbsp;<\/p>\n<p>&nbsp;<\/p>\n<p>&nbsp;<\/p>\n<p>&nbsp;<\/p>\n<p>&nbsp;<\/p>\n<p>&nbsp;<\/p>\n<p>&nbsp;<\/p>\n<p>&nbsp;<\/p>\n<p>&nbsp;<\/p>\n<p>&nbsp;<\/p>\n<p>&nbsp;<\/p>\n<p>&nbsp;<\/p>\n<p>&nbsp;<\/p>\n<p>&nbsp;<\/p>\n<p>&nbsp;<\/p>\n<p>&nbsp;<\/p>\n<p>&nbsp;<\/p>\n<p>&nbsp;<\/p>\n<p>&nbsp;<\/p>\n<p>&nbsp;<\/p>\n<p>&nbsp;<\/p>\n<p>&nbsp;<\/p>\n<p>&nbsp;<\/p>\n<p>&nbsp;<\/p>\n<p>&nbsp;<\/p>\n<p>&nbsp;<\/p>\n<p>&nbsp;<\/p>\n<p>&nbsp;<\/p>\n<p>&nbsp;<\/p>\n<p>&nbsp;<\/p>\n<p>&nbsp;<\/p>\n<p>Venez nombreux nous rejoindre, afin de pratiquer un sport pour lutter contre la s\u00e9dentarit\u00e9, satisfaire vos motivations et vos besoins, progresser selon vos possibilit\u00e9s, partager un temps de loisirs et de bien \u00eatre, et en retirer les bienfaits dans la vie quotidienne, et avant de vous engager d\u00e9finitivement, n&rsquo;h\u00e9sitez pas \u00e0 venir participer \u00e0 une ou plusieurs s\u00e9ances gratuitement, vous serez les bienvenus mesdames et messieurs.<\/p>\n<p>&nbsp;<\/p>\n\n\t\t<style type=\"text\/css\">\n\t\t\t#gallery-1 {\n\t\t\t\tmargin: auto;\n\t\t\t}\n\t\t\t#gallery-1 .gallery-item {\n\t\t\t\tfloat: left;\n\t\t\t\tmargin-top: 10px;\n\t\t\t\ttext-align: center;\n\t\t\t\twidth: 50%;\n\t\t\t}\n\t\t\t#gallery-1 img {\n\t\t\t\tborder: 2px solid #cfcfcf;\n\t\t\t}\n\t\t\t#gallery-1 .gallery-caption {\n\t\t\t\tmargin-left: 0;\n\t\t\t}\n\t\t\t\/* see gallery_shortcode() in wp-includes\/media.php *\/\n\t\t<\/style>\n\t\t<div id='gallery-1' class='gallery galleryid-237 gallery-columns-2 gallery-size-thumbnail'><dl class='gallery-item'>\n\t\t\t<dt class='gallery-icon landscape'>\n\t\t\t\t<a href='http:\/\/www.mairie-outarville.fr\/wp-content\/uploads\/2014\/06\/Etirement-au-STEP1.jpg'><img width=\"150\" height=\"150\" src=\"http:\/\/www.mairie-outarville.fr\/wp-content\/uploads\/2014\/06\/Etirement-au-STEP1-150x150.jpg\" class=\"attachment-thumbnail size-thumbnail\" alt=\"\" decoding=\"async\" aria-describedby=\"gallery-1-1614\" loading=\"lazy\" \/><\/a>\n\t\t\t<\/dt>\n\t\t\t\t<dd class='wp-caption-text gallery-caption' id='gallery-1-1614'>\n\t\t\t\tEtirement au STEP\n\t\t\t\t<\/dd><\/dl><dl class='gallery-item'>\n\t\t\t<dt class='gallery-icon landscape'>\n\t\t\t\t<a href='http:\/\/www.mairie-outarville.fr\/wp-content\/uploads\/2014\/06\/GYM-DOUCE-jeudi-apr\u00e8s-midi.jpg'><img width=\"150\" height=\"150\" src=\"http:\/\/www.mairie-outarville.fr\/wp-content\/uploads\/2014\/06\/GYM-DOUCE-jeudi-apr\u00e8s-midi-150x150.jpg\" class=\"attachment-thumbnail size-thumbnail\" alt=\"\" decoding=\"async\" aria-describedby=\"gallery-1-1616\" loading=\"lazy\" \/><\/a>\n\t\t\t<\/dt>\n\t\t\t\t<dd class='wp-caption-text gallery-caption' id='gallery-1-1616'>\n\t\t\t\tGym douce\n\t\t\t\t<\/dd><\/dl><br style=\"clear: both\" \/>\n\t\t<\/div>\n\n<p><span style=\"color: #0000ff;\"><strong><span style=\"text-decoration: underline;\">Bureau<\/span><\/strong><\/span><\/p>\n<p><span style=\"text-decoration: underline;\">Pr\u00e9sidente :<\/span>\u00a0Sylvie COLAS\u00a0\u00a0<span style=\"text-decoration: underline;\">Secr\u00e9taire:<\/span> Elisabeth GUERTON\u00a0<span style=\"text-decoration: underline;\"> Tr\u00e9sori\u00e8re :<\/span>\u00a0Martine FEVER<\/p>\n<p><span style=\"text-decoration: underline;\">Administrateurs :<\/span>\u00a0B\u00e9atrice BERTHEAU,\u00a0 Sophie MILLEY, Fran\u00e7oise FOUCHER, Anne-Marie LIDDELL, Marie-Annick MORISSEAU, Catherine LOUBET et Eric JUINO<\/p>\n<p>&nbsp;<\/p>\n<p>&nbsp;<\/p>\n<p>&nbsp;<\/p>\n","protected":false},"excerpt":{"rendered":"<p>\u00a0 &nbsp; &nbsp; &nbsp; &nbsp; &nbsp; &nbsp; &nbsp; &nbsp; &nbsp; &nbsp; &nbsp; &nbsp; &nbsp; &nbsp; &nbsp; &nbsp; &nbsp; &nbsp; &nbsp; &nbsp; &nbsp; &nbsp; &nbsp; &nbsp; &nbsp; &nbsp; &nbsp; &nbsp; &nbsp; &nbsp; &nbsp; &nbsp; Venez nombreux nous rejoindre, afin de pratiquer un sport pour lutter contre la s\u00e9dentarit\u00e9, satisfaire vos motivations et vos besoins, progresser selon<\/p>\n","protected":false},"author":3,"featured_media":0,"parent":0,"menu_order":0,"comment_status":"closed","ping_status":"closed","template":"","meta":{"footnotes":""},"_links":{"self":[{"href":"http:\/\/www.mairie-outarville.fr\/index.php?rest_route=\/wp\/v2\/pages\/237"}],"collection":[{"href":"http:\/\/www.mairie-outarville.fr\/index.php?rest_route=\/wp\/v2\/pages"}],"about":[{"href":"http:\/\/www.mairie-outarville.fr\/index.php?rest_route=\/wp\/v2\/types\/page"}],"author":[{"embeddable":true,"href":"http:\/\/www.mairie-outarville.fr\/index.php?rest_route=\/wp\/v2\/users\/3"}],"replies":[{"embeddable":true,"href":"http:\/\/www.mairie-outarville.fr\/index.php?rest_route=%2Fwp%2Fv2%2Fcomments&post=237"}],"version-history":[{"count":20,"href":"http:\/\/www.mairie-outarville.fr\/index.php?rest_route=\/wp\/v2\/pages\/237\/revisions"}],"predecessor-version":[{"id":5606,"href":"http:\/\/www.mairie-outarville.fr\/index.php?rest_route=\/wp\/v2\/pages\/237\/revisions\/5606"}],"wp:attachment":[{"href":"http:\/\/www.mairie-outarville.fr\/index.php?rest_route=%2Fwp%2Fv2%2Fmedia&parent=237"}],"curies":[{"name":"wp","href":"https:\/\/api.w.org\/{rel}","templated":true}]}}